{"version":"1.0","provider_name":"Studio Enns Landingpage","provider_url":"https:\/\/www.studioenns.eu\/wordpress\/landingpageersatz","author_name":"Studio Enns Landingpage","author_url":"https:\/\/www.studioenns.eu\/wordpress\/landingpageersatz","title":"Wels und Linz \u201cVolksgarten\u201d - Studio Enns Landingpage","type":"rich","width":600,"height":338,"html":"<blockquote class=\"wp-embedded-content\" data-secret=\"pwjHYMg2Qy\"><a href=\"https:\/\/www.studioenns.eu\/wordpress\/landingpageersatz\/wels-und-linz-volksgarten\/\">Wels und Linz \u201cVolksgarten\u201d<\/a><\/blockquote><iframe sandbox=\"allow-scripts\" security=\"restricted\" src=\"https:\/\/www.studioenns.eu\/wordpress\/landingpageersatz\/wels-und-linz-volksgarten\/embed\/#?secret=pwjHYMg2Qy\" width=\"600\" height=\"338\" title=\"&#8222;Wels und Linz \u201cVolksgarten\u201d&#8220; &#8211; Studio Enns Landingpage\" data-secret=\"pwjHYMg2Qy\" frameborder=\"0\" marginwidth=\"0\" marginheight=\"0\" scrolling=\"no\" class=\"wp-embedded-content\"><\/iframe><script>\n\/*! This file is auto-generated *\/\n!function(d,l){\"use strict\";l.querySelector&&d.addEventListener&&\"undefined\"!=typeof URL&&(d.wp=d.wp||{},d.wp.receiveEmbedMessage||(d.wp.receiveEmbedMessage=function(e){var t=e.data;if((t||t.secret||t.message||t.value)&&!\/[^a-zA-Z0-9]\/.test(t.secret)){for(var s,r,n,a=l.querySelectorAll('iframe[data-secret=\"'+t.secret+'\"]'),o=l.querySelectorAll('blockquote[data-secret=\"'+t.secret+'\"]'),c=new RegExp(\"^https?:$\",\"i\"),i=0;i<o.length;i++)o[i].style.display=\"none\";for(i=0;i<a.length;i++)s=a[i],e.source===s.contentWindow&&(s.removeAttribute(\"style\"),\"height\"===t.message?(1e3<(r=parseInt(t.value,10))?r=1e3:~~r<200&&(r=200),s.height=r):\"link\"===t.message&&(r=new URL(s.getAttribute(\"src\")),n=new URL(t.value),c.test(n.protocol))&&n.host===r.host&&l.activeElement===s&&(d.top.location.href=t.value))}},d.addEventListener(\"message\",d.wp.receiveEmbedMessage,!1),l.addEventListener(\"DOMContentLoaded\",function(){for(var e,t,s=l.querySelectorAll(\"iframe.wp-embedded-content\"),r=0;r<s.length;r++)(t=(e=s[r]).getAttribute(\"data-secret\"))||(t=Math.random().toString(36).substring(2,12),e.src+=\"#?secret=\"+t,e.setAttribute(\"data-secret\",t)),e.contentWindow.postMessage({message:\"ready\",secret:t},\"*\")},!1)))}(window,document);\n\/\/# sourceURL=https:\/\/www.studioenns.eu\/wordpress\/landingpageersatz\/wp-includes\/js\/wp-embed.min.js\n<\/script>\n","description":"Welser Advent 2024: Ein winterliches Highlight Der Welser Advent ist ein bezaubernder Weihnachtsmarkt, der von 15. November bis 24. Dezember 2024 die Innenstadt von Wels in ein festliches Lichtermeer verwandelt. Mit \u00fcber 750.000 Lichtern, abwechslungsreichen Themenbereichen und regionalen Highlights ist f\u00fcr jede Altersgruppe etwas dabei. Attraktionen im \u00dcberblick: Bergweihnacht: Traditioneller Weihnachtszauber in rustikalem Ambiente. Winterzauber: [&hellip;]"}

Welser Advent 2024: Ein winterliches Highlight Der Welser Advent ist ein bezaubernder Weihnachtsmarkt, der von 15. November bis 24. Dezember 2024 die Innenstadt von Wels in ein festliches Lichtermeer verwandelt. Mit über 750.000 Lichtern, abwechslungsreichen Themenbereichen und regionalen Highlights ist für jede Altersgruppe etwas dabei. Attraktionen im Überblick: Bergweihnacht: Traditioneller Weihnachtszauber in rustikalem Ambiente. Winterzauber: [&hellip;]
